te number?
True
Suppose b = 5*r + 30793, 112*r - 2 = 111*r. Is b a prime number?
True
Suppose -12654*x + 466531 = -12641*x. Is x a composite number?
True
Suppose 6*q - 1170 = 306. Suppose 0 = 5*s + q + 534. Let m = s + 297. Is m a prime number?
False
Let s = -322309 + 717350. Is s composite?
True
Is (268 + -62)*251/2 prime?
False
Let f = -19 + 24. Suppose -3*r - 42 = -f*c, 6*c - c + r - 46 = 0. Suppose 0 = -3*o - c*o + 1596. Is o a prime number?
False
Let g be (3 + (-5)/3)/((-2)/(-6)). Is 3/(45/(-18010))*(-18)/g a prime number?
False
Let z be (-2)/(-18) + (-48820)/(-45). Suppose 2 = 3*j - 2*j, x - j - z = 0. Is x a composite number?
False
Let b(d) = 5*d**3 - 16*d**2 + 17*d - 67. Is b(10) prime?
False
Is -507938*2*(-182)/728 a prime number?
True
Let a be (-2)/(1*5/(-15)). Let i be -3*(-6)/(-9) + a. Suppose -4*l = -i*z - z + 1311, 5*z = l + 1314. Is z composite?
False
Let n(i) = 22608*i + 95. Is n(3) a composite number?
True
Suppose 4*w + 5201 = -k, k + 2*k + 5195 = -4*w. Let h = w + 4240. Is h a prime number?
True
Let c(q) = 12*q**2 - 4*q + 80. Let i be c(-21). Suppose i = 5*a - 9909. Is a composite?
True
Suppose -4*a + 547788 = 4*i, -12*a = -10*a + 3*i - 273898. Is a a composite number?
False
Let h = 282771 + -73154. Is h a composite number?
True
Suppose -61009733 = 13*m - 56*m. Is m composite?
False
Let f = 11 + -88. Let q = f - -556. Is q a composite number?
False
Let u(y) = 4*y**2 - 20*y - 61. Let n = -244 - -229. Is u(n) a prime number?
False
Let b(c) = 2*c**3 - c**2 - c - 1. Let o be b(-1). Let f(t) = 142*t**2 - 4*t - 6. Let u be f(o). Suppose 5*q - u = -49. Is q a composite number?
True
Let h(r) = -1001*r**3 + 13*r**2 + 22*r + 85. Is h(-6) a composite number?
True
Let c(o) = o**2 + 5*o - 20077. Let x be c(0). Let g = -10212 - x. Is g composite?
True
Suppose 0 = -4*r + o + 1, -4*r + 6*o = 2*o - 4. Suppose 4*c - 4*q - 1212 = 0, 5*c + q - 857 - 682 = r. Is c a composite number?
False
Suppose 0 = 178*f - 192*f + 1902796. Is f prime?
False
Let s be ((-2)/4*1)/(1/12). Let q(w) = 4*w + 2. Let m be q(-3). Is (-1994)/(14/m + s/10) prime?
True
Suppose 15564 - 3856 = 4*x. Suppose -3*t = 5*h + t - x, 0 = -4*h + 3*t + 2354. Is h composite?
False
Suppose -2*u + 6*y = 3*y - 15, 0 = u - 2*y - 10. Is (-1062 - u - -1)/(7 - 8) a composite number?
False
Let z = -212 - -136. Let a = -71 - z. Suppose -a*b + 9*b - 1892 = 0. Is b a composite number?
True
Let s(v) = 9*v**2 + 1 + 423*v**3 + 907*v**3 + 0. Is s(2) composite?
True
Let c = 359026 + 941421. Is c prime?
False
Suppose 4*h = -u - 2 - 10, -5*u = -h - 24. Let s be (h/6)/(10/(-195)). Suppose 0 = -7*l + s*l - 444. Is l a prime number?
False
Suppose 4*o - 3*o + 586 = 0. Let v = 2181 - o. Is v prime?
True
Suppose -16*i + 4*k + 3 = -17*i, -2*i + 3*k = 6. Is 24612 + 5 - (-3 - i) a composite number?
True
Let p be 5 - 6 - (3 + -1245). Let f be 10/(3/(171/6)). Suppose p = 6*q + f. Is q a composite number?
False
Let z(f) be the first derivative of f**4/4 + 11*f**3/3 - f**2 + 29*f - 71. Is z(-11) composite?
True
Let k(g) = -g**3 - 11*g**2 + 7*g - 9. Let h be k(-11). Suppose y + 5 = 0, -2*s - y - 45 = -4*y. Is ((-1076)/(-6))/(3 - h/s) composite?
True
Let m = -79 + 82. Is -3*(-1481)/m*(2 + -1) prime?
True
Let a(p) = 57*p**2 - 12*p - 61. Let f be a(-6). Suppose -705*t + 704*t = -f. Is t composite?
False
Suppose -3*p - 12386 = -b - 0*p, 0 = -5*b - 5*p + 61910. Suppose -160*m = -153*m - b. Is m prime?
False
Suppose 7*f = -3*f + 30. Suppose 0 = -y + 4*u + 768 + 209, -f*y = -u - 2876. Suppose -2*m + y = -k, m - 3*k + 1458 = 4*m. Is m a composite number?
True
Let d = 38 + -39. Let n be (d + 2)*649/11. Suppose -2*k = 4*z - 306, -3*z + 4*z - n = -4*k. Is z a composite number?
False
Let s(c) = -20*c**3 + 18*c**2 + 11*c - 24. Let v be s(10). Let d = -12583 - v. Is d prime?
True
Let o be (26/(-36) - 12/(-54))*-2. Suppose -r - o = -s, 9*r + 21 = 4*r - 3*s. Let m(f) = 289*f**2 + 2*f - 6. Is m(r) a composite number?
True
Suppose 85790 = 23*o - 614928. Is o prime?
False
Let i = 1151639 + -765780. Is i a prime number?
True
Let n be -22*3 + (6 - 4). Suppose 361*b - 354*b = -1071. Let h = n - b. Is h prime?
True
Suppose -11 = -0*q - q + 3*d, -5*d + 35 = 5*q. Suppose 2*v = q*v - 12570. Suppose -2*c = 3*c - v. Is c a composite number?
False
Suppose -p - 4*p - 3091 = 3*u, -p - 1029 = u. Let d = u + 1613. Is d a prime number?
False
Let i(c) = 23451*c**3 + 18*c**2 - 17*c - 15. Is i(2) composite?
False
Let s be (-92870)/(-30)*(-18)/3. Let p = s + 41941. Is p composite?
True
Let d = -15739 - -47725. Suppose 3*i - 3*n - d - 2295 = 0, 5*n - 10 = 0. Is i a composite number?
True
Let w(z) = -z**2 - 20*z - 2. Let t be w(-20). Let s be (0 + (-12)/(-8))*t/3. Is (((-6)/2)/6)/(s/970) a prime number?
False
Let t be 8/(9 + -7 + 5440/(-2722)). Is 8/((-96)/(-3))*t a prime number?
True
Suppose -152570439 = 8285*k - 8348*k. Is k composite?
True
Let i be (-122)/(-915) - 116/(-30). Let y = 244 + 906. Suppose i*d = -y + 3106. Is d prime?
False
Let v(i) = 871*i**2 - 329*i - 89. Is v(-15) a composite number?
True
Let w = -322 + 328. Suppose -w*n + 465 = 9*n. Is n a composite number?
False
Suppose -10 = -6*v + 11*v, 5*u = -v + 2318393. Is u composite?
False
Suppose -419647 = -2*p + 90411. Is p a prime number?
False
Suppose 79894 = 57*r - 183047. Is r prime?
False
Let r(s) = -1 - 77*s + 47*s - 128*s. Let n be ((-7)/(-14))/(-3*(-2)/(-12)). Is r(n) a prime number?
True
Suppose -5*z + 3*u + 4062 = 0, 11*z - 8*z + 3*u = 2418. Let g(a) = 2*a - 2. Let d be g(3). Suppose d*k + 62 = z. Is k composite?
True
Let x(t) = 1274*t**2 + 34*t + 2. Is x(-3) prime?
False
Let z(m) = m**3 - 9*m**2 + 9*m - 5. Let b be z(8). Let n be (7 + -7)/(1*-2). Suppose -5*g + b*t = -3*g - 521, -3*g + 4*t + 781 = n. Is g a prime number?
False
Let n be 2/14 - (-6 + (-13488)/56). Suppose -10793 = -2*a - n. Is a a prime number?
True
Let d = 23082 + -12235. Is d prime?
True
Is (2 - 23/(-3))/((80/(-988464))/(-5)) a prime number?
False
Suppose 5*y = 4*o + 5747 + 3439, -4*y + 2*o + 7350 = 0. Let l = 331 - 1348. Let j = l + y. Is j a composite number?
False
Let r = 24153 - -17468. Is r a composite number?
False
Suppose -4*n = 5*f - 32, 2*n + 6 = -3*f + 6*f. Suppose -2*h + 10637 = -u - 12554, 0 = n*h - 5*u - 34776. Is h a prime number?
True
Let t(y) = -y**2 + y + 43188. Let d be t(0). Is (d/28 + 8/14)*1 prime?
True
Suppose -2*t - 4*t - 264 = 0. Let a be 18087/4 + (-11)/t. Let x = 7943 - a. Is x a prime number?
False
Let l be (4/(-5))/((-4)/30). Let n = l + -4. Suppose 4*s - 1338 = -n*s. Is s a prime number?
True
Let c(u) = 14*u + 6*u + 153 - 9*u + 23*u**2. Is c(-8) a composite number?
True
Suppose 20*g - 180899 + 6079 = 0. Is g composite?
False
Let l be -1080*-5*1/5*2. Suppose 5*i + 4*c - c = l, -i + 5*c = -432. Let o = i + -165. Is o composite?
True
Let b(r) = -2888 + 2851 + 20*r - 2*r**2 + 8*r**2. Is b(-12) composite?
False
Let j(k) = 30351*k + 206. Is j(7) prime?
False
Let a(n) = -n**3 + 52*n**2 - 31*n - 49. Let r be a(31). Let p = 276 + r. Is p a prime number?
True
Suppose -49*b + 20 = -44*b. Suppose b*q = 5*u - 4019 + 834, 3*u - 3*q = 1908. Is u a composite number?
False
Let l(x) = 3*x - 46. Let v(f) = f**3 + 5*f**2 + 6*f + 6. Let w be v(-3). Let c(y) = 4*y - 46. Let k(h) = w*c(h) - 7*l(h). Is k(7) prime?
True
Suppose 65*d + 24 = 71*d. Suppose -b = o - 531, d*o - 3*b = b + 2140. Is o a prime number?
False
Let k = -87568 - -146915. Suppose -60*r + k = -59*r. Is r prime?
False
Let w(p) = -p**3 + 7*p**2 - 13*p + 47. Let s be w(7). Let c = s - -257. Is c prime?
False
Let f be (-2 - 50/(-3))*(-24)/(-16). Suppose 13145 = -17*r + f*r. Is r prime?
False
Suppose -26163 = 21*b + 25464 - 456318. Is b prime?
False
Let f(x) = 795*x + 107. Let m be f(17). Let s = m - 5431. Is s composite?
False
Let l = -20 + 43. Let o = l - 16. Suppose 0 = o*m - 3*m - 268. Is m composite?
False
Suppose 5 = 5*l, -4*y = 2*l + l - 3. Suppose y = -q + 5257 + 4420. Is q prime?
True
Let s(y) = 2*y**3 - 3*y**2 + y + 1. Let q be s(1). Suppose 2*o = 4*o + 3*z - 11, q = z. Suppose 5*d - o*p = -5*p + 1687, -6 = -3*p. Is d a prime number?
True
Let q = -27 + 45. Is 42/q + 30220/6 a composite number?
False
Let g(v) = 23 + 22 + 28 + 107*v + 164*v - 61. Is g(2) composite?
True
Suppose 61*i - 60*i + 1956195 = 3*q, -i = 4*q - 2608246. Is q a prim